lse
Is 269064061 prime?
False
Is 38474647613 a composite number?
False
Is 356246503 composite?
False
Is 23427611 a composite number?
False
Is 9358592839 a prime number?
True
Is 367037417 a prime number?
False
Is 13089089597 a prime number?
False
Is 57046566398 a composite number?
True
Is 39176881 prime?
False
Is 16686921499 composite?
False
Is 394888677 a prime number?
False
Is 824655891 composite?
True
Is 3556939417 composite?
False
Is 10901317589 composite?
False
Is 2228962271 prime?
True
Is 5267047327 a composite number?
False
Is 52843468179 prime?
False
Is 30752110553 prime?
False
Is 8278648991 prime?
True
Is 13220407439 a prime number?
True
Is 65889323777 prime?
True
Is 385790287 prime?
False
Is 581206793 a prime number?
False
Is 11998656499 a prime number?
False
Is 3244710071 composite?
False
Is 16482415877 a prime number?
True
Is 152963103413 a composite number?
False
Is 169416547 a prime number?
True
Is 3348138967 composite?
True
Is 109354418051 a prime number?
False
Is 33898577953 prime?
False
Is 71694770307 a composite number?
True
Is 196269149 prime?
True
Is 1892334713 prime?
True
Is 256456292083 a prime number?
True
Is 32025761333 prime?
False
Is 3747790631 composite?
True
Is 801757441 composite?
False
Is 11212330601 a composite number?
True
Is 21323713877 a composite number?
False
Is 731917327 composite?
False
Is 3709010203 a prime number?
False
Is 4285248937 a prime number?
False
Is 12065312527 prime?
True
Is 2965607929 composite?
True
Is 6584107399 prime?
True
Is 92646540447 composite?
True
Is 209615940605 prime?
False
Is 12590364914 a composite number?
True
Is 53822683 a composite number?
True
Is 2800227593 a prime number?
True
Is 16740138563 a prime number?
False
Is 5399783567 prime?
False
Is 4386012493 a composite number?
False
Is 916585937 a composite number?
False
Is 890684969 prime?
False
Is 26547076889 a composite number?
True
Is 157227959 a composite number?
True
Is 1596700069 a prime number?
True
Is 962402869 composite?
True
Is 25528336139 composite?
False
Is 42554911423 composite?
False
Is 537314611 a composite number?
False
Is 7693000697 composite?
True
Is 475819189 a composite number?
True
Is 4513748771 a prime number?
False
Is 1568015131 prime?
True
Is 1251701707 a prime number?
True
Is 2134873729 a composite number?
True
Is 279854226889 prime?
True
Is 2491243103 composite?
True
Is 1445455601 a prime number?
True
Is 663741571 prime?
True
Is 161932830961 prime?
False
Is 6060820877 a composite number?
False
Is 21635874583 a prime number?
False
Is 36295851 prime?
False
Is 1196567479 a composite number?
True
Is 6215273671 composite?
True
Is 36770159 prime?
True
Is 30275422049 composite?
False
Is 24127739047 prime?
True
Is 10607113703 composite?
False
Is 33913865903 a composite number?
False
Is 3869277959 prime?
False
Is 3077749585 a composite number?
True
Is 1173540191 a prime number?
True
Is 57209447 a prime number?
False
Is 467176687 a composite number?
True
Is 8139375397 a prime number?
True
Is 25439533859 a prime number?
True
Is 17364025337 composite?
False
Is 29446051 prime?
True
Is 50371555991 a prime number?
False
Is 2580364693 a prime number?
False
Is 153016038731 a composite number?
True
Is 38874317137 a composite number?
False
Is 44177006501 composite?
True
Is 1165961081 a prime number?
False
Is 5532951 a composite number?
True
Is 168487856795 a prime number?
False
Is 17745364471 a composite number?
True
Is 3847542467 composite?
False
Is 42002241601 a composite number?
True
Is 43875561973 composite?
False
Is 2383361861 a composite number?
False
Is 3560051113 a composite number?
True
Is 8750294521 a composite number?
True
Is 18353511205 composite?
True
Is 26756206753 prime?
False
Is 48064657 a composite number?
True
Is 7668609161 composite?
True
Is 3118439305 prime?
False
Is 23178650543 a composite number?
True
Is 349139767 a prime number?
True
Is 20404889005 a composite number?
True
Is 174399727517 a prime number?
False
Is 29647023583 a prime number?
True
Is 6620430191 prime?
False
Is 844192799 composite?
False
Is 2334037877 composite?
True
Is 6660847229 a composite number?
True
Is 639982298 a prime number?
False
Is 264132199 a composite number?
False
Is 19236675067 composite?
True
Is 28647817663 a composite number?
True
Is 66633836063 a composite number?
False
Is 2944939433 composite?
False
Is 2624093789 a composite number?
False
Is 3161554061 a prime number?
True
Is 441567853 composite?
True
Is 453377341 a composite number?
False
Is 3655287277 composite?
False
Is 28243849339 a composite number?
False
Is 60953663 a prime number?
True
Is 560093899 composite?
True
Is 97919019826 composite?
True
Is 58634711207 prime?
False
Is 1533530303 a composite number?
True
Is 496366771 prime?
True
Is 5416886455 a prime number?
False
Is 919930819 a composite number?
True
Is 302573251 a prime number?
False
Is 919252823 composite?
False
Is 178726487 composite?
True
Is 755432327 composite?
True
Is 1572002774 prime?
False
Is 14049380117 a composite number?
False
Is 1134444887 a prime number?
False
Is 1466376529 a prime number?
True
Is 273306191 prime?
True
Is 72340896737 a prime number?
True
Is 36377471489 composite?
False
Is 35100478519 a composite number?
False
Is 2948181449 composite?
False
Is 6581142943 composite?
True
Is 77720883469 a composite number?
False
Is 893568639 a prime number?
False
Is 20861788723 a composite number?
False
Is 31737522289 prime?
False
Is 20340646451 a composite number?
False
Is 32140701539 composite?
False
Is 10331093141 a prime number?
False
Is 3722454431 composite?
False
Is 53871878941 prime?
True
Is 36932839 prime?
True
Is 768299551 a prime number?
False
Is 9533196623 a composite number?
True
Is 6980102473 a prime number?
False
Is 1415592287 prime?
False
Is 20940270973 a composite number?
True
Is 168486449 prime?
True
Is 588618167 a composite number?
True
Is 39281540369 composite?
False
Is 980399593 a prime number?
True
Is 822760727 a prime number?
False
Is 2508578573 prime?
True
Is 1270158437 prime?
False
Is 179548139 a prime number?
True
Is 463085687 a composite number?
True
Is 128118309829 composite?
False
Is 425829509 composite?
True
Is 393006947 composite?
True
Is 185611259803 composite?
False
Is 7016992921 prime?
False
Is 4234275509 composite?
False
Is 370293797 composite?
False
Is 464197633 a prime number?
False
Is 8836982303 a composite number?
False
Is 1331394197 prime?
False
Is 14014567927 a composite number?
True
Is 24183018485 a prime number?
False
Is 13566378481 composite?
True
Is 778761457 prime?
True
Is 56257838731 prime?
False
Is 1648979617 a composite number?
True
Is 10937631721 composite?
True
Is 143087629 a composite number?
False
Is 301013617 a composite number?
False
Is 375097111 a composite number?
False
Is 591722819 a prime number?
False
Is 2013058337 a composite number?
True
Is 3536146871 a composite number?
True
Is 13907603239 prime?
True
Is 19934689 a composite number?
False
Is 34608240523 a composite number?
True
Is 352136017 prime?
False
Is 18208314401 prime?
False
Is 4385965823 a prime number?
True
Is 7841853029 composite?
False
Is 1655051903 a composite number?
False
Is 17846110427 a prime number?
False
Is 20529465029 a composite number?
False
Is 42000010237 composite?
True
Is 716329853 prime?
True
Is 623901211 prime?
False
Is 13462106041 prime?
True
Is 652161647 a prime number?
True
Is 1371201109 a prime number?
True
Is 91441861723 a prime number?
True
Is 184721657 prime?
True
Is 2846102647 a prime number?
True
Is 197091179 composite?
False
Is 6661836437 a prime number?
True
Is 201871364729 composite?
True
Is 14741019749 a prime number?
True
Is 16076900657 prime?
True
Is 9293934839 a composite number?
True
Is 790082687 a composite number?
False
Is 4392806807 a prime number?
False
Is 217969487 a composite number?
False
Is 16804906267 prime?
False
Is 122243187809 a composite number?
True
Is 40335427261 composite?
False
Is 2195335439 a composite number?
True
Is 3883716583 composite?
True
Is 74431653305 a prime number?
False
Is 44816321731 prime?
True
Is 983074409 composite?
True
Is 6567062279 composite?
False
Is 32912011861 composite?
False
Is 197468043 prime?
False
Is 6245464633 prime?
True
Is 22983617359 a prime number?
True
Is 1149286409 composite?
False
Is 90